e
Is 2376 a multiple of 22?
True
Does 126 divide 1386?
True
Is 12 a factor of 7668?
True
Is 1044 a multiple of 58?
True
Is 28832 a multiple of 136?
True
Is 11 a factor of 44154?
True
Is 33660 a multiple of 6?
True
Is 49265 a multiple of 37?
False
Is 26 a factor of 5382?
True
Is 67 a factor of 603?
True
Is 14 a factor of 28?
True
Is 43 a multiple of 3?
False
Is 42 a factor of 2982?
True
Does 18 divide 18?
True
Is 128 a multiple of 8?
True
Is 7098 a multiple of 58?
False
Is 1216 even?
True
Is 7750 a multiple of 50?
True
Does 258 divide 25800?
True
Is 4784 a multiple of 92?
True
Is 15744 a multiple of 101?
False
Does 7 divide 11190?
False
Does 2 divide 959?
False
Is 9 a factor of 2400?
False
Does 14 divide 1600?
False
Is 9 a factor of 387?
True
Is 1228 a multiple of 28?
False
Does 9 divide 5094?
True
Is 66 a factor of 264?
True
Does 33 divide 15444?
True
Is 151 a factor of 29143?
True
Is 783 a multiple of 5?
False
Is 1950 a multiple of 13?
True
Is 18 a factor of 3312?
True
Is 70 a multiple of 35?
True
Is 30 a factor of 2400?
True
Is 106 a factor of 1772?
False
Is 10 a factor of 2801?
False
Is 52 a factor of 1144?
True
Is 2210 a multiple of 34?
True
Is 462 a multiple of 22?
True
Does 3 divide 547?
False
Is 29 a factor of 1461?
False
Does 20 divide 373?
False
Is 193 a multiple of 44?
False
Is 225 a multiple of 25?
True
Is 33 a factor of 1089?
True
Is 3 a factor of 195?
True
Does 43 divide 841?
False
Is 3360 a multiple of 48?
True
Is 1240 a multiple of 40?
True
Is 9158 a multiple of 38?
True
Is 60 a factor of 540?
True
Does 49 divide 46656?
False
Is 31417 a multiple of 89?
True
Is 23837 a multiple of 10?
False
Is 48 a factor of 1743?
False
Is 15385 a multiple of 33?
False
Is 1030 a multiple of 4?
False
Does 9 divide 6813?
True
Does 14 divide 2940?
True
Is 401 a multiple of 3?
False
Is 8 a factor of 3867?
False
Is 715 a multiple of 13?
True
Does 49 divide 5390?
True
Is 2515 a multiple of 23?
False
Is 32 a factor of 2240?
True
Does 8 divide 352?
True
Does 11 divide 5392?
False
Does 7 divide 21721?
True
Is 37 a factor of 505?
False
Is 36 a factor of 756?
True
Is 47 a factor of 496?
False
Does 12 divide 276?
True
Is 3474 a multiple of 104?
False
Is 50 a factor of 1600?
True
Does 28 divide 3295?
False
Does 9 divide 6597?
True
Is 797 a multiple of 12?
False
Does 192 divide 36366?
False
Is 2308 a multiple of 27?
False
Is 6894 a multiple of 4?
False
Does 22 divide 3080?
True
Does 397 divide 28215?
False
Does 7 divide 749?
True
Is 24 a factor of 2160?
True
Is 848 a multiple of 32?
False
Is 58 a factor of 3712?
True
Is 39 a multiple of 3?
True
Is 39 a factor of 24531?
True
Does 52 divide 520?
True
Does 33 divide 36003?
True
Is 10 a factor of 12530?
True
Does 7 divide 161?
True
Is 5 a factor of 308?
False
Is 188 a factor of 11092?
True
Does 109 divide 7595?
False
Does 18 divide 437?
False
Is 109 a factor of 60931?
True
Is 626 a multiple of 14?
False
Is 5 a factor of 110?
True
Is 6 even?
True
Is 64 a factor of 2560?
True
Does 46 divide 677?
False
Is 61 a factor of 18715?
False
Does 63 divide 189?
True
Is 46 a factor of 1016?
False
Does 22 divide 242?
True
Is 49099 a multiple of 15?
False
Is 8 a factor of 844?
False
Does 8 divide 408?
True
Is 1788 a multiple of 12?
True
Is 48 a factor of 6576?
True
Is 29 a factor of 58556?
False
Does 7 divide 7966?
True
Does 17 divide 340?
True
Is 808 a multiple of 13?
False
Does 80 divide 14640?
True
Is 6 a factor of 10830?
True
Does 77 divide 539?
True
Is 2 a factor of 1210?
True
Does 8 divide 3056?
True
Is 85 a factor of 1785?
True
Is 111 a factor of 35621?
False
Does 28 divide 532?
True
Does 22 divide 1838?
False
Is 6 a factor of 154?
False
Does 21 divide 621?
False
Is 9870 a multiple of 14?
True
Does 17 divide 6744?
False
Is 2693 a multiple of 104?
False
Does 19 divide 6733?
False
Is 31347 a multiple of 16?
False
Is 21696 a multiple of 12?
True
Does 7 divide 2493?
False
Is 534 a multiple of 27?
False
Is 130 a factor of 9638?
False
Does 6 divide 102?
True
Is 15 a factor of 1545?
True
Does 2 divide 11718?
True
Is 2 a factor of 597?
False
Is 322 a multiple of 3?
False
Is 6229 a multiple of 83?
False
Does 3 divide 7874?
False
Is 4 a factor of 225?
False
Is 48 a factor of 367?
False
Is 2152 a multiple of 8?
True
Does 151 divide 4328?
False
Does 21 divide 189?
True
Is 372 a multiple of 2?
True
Is 3365 a multiple of 5?
True
Is 23 a factor of 30320?
False
Is 6 a factor of 349?
False
Is 4 a factor of 105?
False
Is 10150 a multiple of 21?
False
Is 850 a multiple of 85?
True
Is 29 a factor of 1740?
True
Does 7 divide 1124?
False
Is 864 a multiple of 10?
False
Does 117 divide 21879?
True
Is 314 a multiple of 21?
False
Is 860 a multiple of 3?
False
Is 73741 a multiple of 94?
False
Does 10 divide 573?
False
Does 301 divide 22274?
True
Is 69 a factor of 65616?
False
Does 127 divide 770?
False
Does 3 divide 915?
True
Does 60 divide 66420?
True
Is 1372 a multiple of 14?
True
Is 69 a factor of 276?
True
Does 40 divide 21480?
True
Is 4308 a multiple of 38?
False
Does 2 divide 4484?
True
Is 12953 a multiple of 54?
False
Does 11 divide 1369?
False
Is 9 a factor of 3803?
False
Is 3 a factor of 47?
False
Does 38 divide 10298?
True
Is 258 a factor of 42888?
False
Does 10 divide 13712?
False
Does 35 divide 1248?
False
Does 14 divide 616?
True
Is 3932 a multiple of 6?
False
Does 18 divide 196?
False
Is 915 a multiple of 15?
True
Does 113 divide 11457?
False
Does 32 divide 384?
True
Is 4720 a multiple of 15?
False
Does 16 divide 2144?
True
Is 166 a factor of 34353?
False
Is 29 a factor of 957?
True
Does 22 divide 726?
True
Does 7 divide 57806?
True
Is 4148 a multiple of 68?
True
Is 17582 a multiple of 59?
True
Is 16 a factor of 38112?
True
Is 915 a multiple of 21?
False
Does 47 divide 2679?
True
Is 159900 a multiple of 78?
True
Does 3 divide 858?
True
Does 180 divide 6480?
True
Does 84 divide 26040?
True
Is 15 a multiple of 3?
True
Does 88 divide 1965?
False
Does 35 divide 3999?
False
Is 462 a multiple of 16?
False
Is 707 a multiple of 5?
False
Is 11 a factor of 39241?
False
Does 39 divide 2340?
True
Is 25523 a multiple of 27?
False
Is 30120 a multiple of 40?
True
Does 13 divide 558?
False
Is 33 a factor of 3894?
True
Does 24 divide 72?
True
Is 18 a factor of 59346?
True
Is 78 a factor of 25038?
True
Does 15 divide 345?
True
Is 4079 a multiple of 97?
False
Is 646 a multiple of 17?
True
Is 25779 a multiple of 30?
False
Is 11 a factor of 242?
True
Is 13224 a multiple of 12?
True
Is 56 a factor of 38976?
True
Is 5 a factor of 60?
True
Is 9002 a multiple of 7?
True
Does 61 divide 6256?
False
Is 14 a factor of 2604?
True
Is 4 a factor of 1580?
True
Does 32 divide 448?
True
Is 4928 a multiple of 44?
True
Is 553 a multiple of 7?
True
Is 95264 a multiple of 52?
True
Is 2 a factor of 566?
True
Is 4 a factor of 872?
True
Is 23 a factor of 20957?
False
Is 1463 a multiple of 7?
True
Is 2496 a multiple of 48?
True
Is 10 a factor of 1504?
False
Is 2801 a multiple of 3?
False
Is 2072 a multiple of 106?
False
Does 70 divide 770?
True
Is 23030 a multiple of 10?
True
Is 455 a multiple of 65?
True
Does 13 divide 83449?
False
Is 2126 a multiple of 23?
False
Does 15 divide 1550?
False
Is 7 a factor of 3094?
True
Is 27 a factor of 3560?
False
Does 39 divide 208?
False
Is 15 a factor of 2029?
False
Is 962 a multiple of 48?
False
Does 5 divide 715?
True
Is 131 a factor of 28034?
True
Does 12 divide 696?
True
Is 7 a factor of 140?
True
Is 94 a factor of 18330?
True
Is 15 a factor of 105?
True
Does 2 divide 782?
True
Is 110 a factor of 15400?
True
Is 17 a factor of 23528?
True
Is 96 a factor of 6816?
True
Is 990 a multiple of 3?
True
Is 2734 a multiple of 43?
False
Is 30 a factor of 2040?
True
Is 15936 a multiple of 249?
True
Does 53 divide 9900?
False
Does 18 divide 1683?
False
Does 13 divide 2607?
False
Does 5 divide 275?
True
Is 9 a factor of 11619?
True
Is 162 a factor of 3870?
False
Is 14 a factor of 6720?
True
Does 19 divide 130645?
False
Is 81184 a multiple of 32?
True
Is 2231 a multiple of 97?
True
Is 42 a factor of 1134?
True
Is 25 a factor of 4653?
False
Does 9 divide 1323?
True
Is 5100 a multiple of 51?
True
Is 1775 a multiple of 71?
True
Does 15 divide 20310?
True
Is 5375 a multiple of 234?
False
Does 18 divide 7308?
True
Is 25 a factor of 615?
False
Does 53 